
-5746094
In base 9, what is 1525 + 153348?
154874
In base 16, what is -42b - -b6fa?
b2cf
In base 16, what is -3e98d97 + 1e?
-3e98d79
In base 3, what is -12 + 120221002220201100?
120221002220201011
In base 2, what is 110100011001000011001111 + 10100?
110100011001000011100011
In base 15, what is -11 - -14c23e?
14c22d
In base 15, what is -58ad1 - -2b0?
-58821
In base 5, what is 10 + 231020301110?
231020301120
In base 15, what is 4 + 4bd9ee5?
4bd9ee9
In base 9, what is 76250 + 124?
76374
In base 5, what is 43443401 - 4?
43443342
In base 4, what is -231102 - -1222?
-223220
In base 14, what is -27 - -5d8d9?
5d8b2
In base 11, what is -6 + -398a297?
-398a2a2
In base 14, what is -7aa - b09d0?
-b139a
In base 11, what is -49aa - -2633?
-2377
In base 4, what is 3112213000 - 21?
3112212313
In base 12, what is 125b3a3 - 100?
125b2a3
In base 11, what is -3296956 + -1?
-3296957
In base 15, what is -5 + -56c6130?
-56c6135
In base 16, what is 14d516 + 0?
14d516
In base 5, what is -2 - 2422011300?
-2422011302
In base 4, what is -1100202310331 + 3?
-1100202310322
In base 3, what is -2021022022012110 - 11?
-2021022022012121
In base 7, what is -2502 + -2133436?
-2136241
In base 14, what is 60b1bc + 2?
60b1c0
In base 15, what is 9534 - -389?
98bd
In base 7, what is 0 - 36410116?
-36410116
In base 3, what is 12020102201 - 10210022?
12002122102
In base 4, what is 1 + -1301212001303?
-1301212001302
In base 3, what is -11210020 - -21201210100?
21120000010
In base 4, what is -1032123 - -1131300?
33111
In base 5, what is 23 - -2021232432?
2021233010
In base 2, what is -10101011110100100110011 + -1?
-10101011110100100110100
In base 16, what is 140 - 5c13?
-5ad3
In base 5, what is 3231001040 + 0?
3231001040
In base 2, what is 100001110100110010010101 - -101?
100001110100110010011010
In base 6, what is -30311052112 - -4?
-30311052104
In base 6, what is -5 + 15235202?
15235153
In base 5, what is -304413441 + -141?
-304414132
In base 9, what is 1711 - -8133?
10844
In base 6, what is -51 + 432203112?
432203021
In base 13, what is 14 + -c22490?
-c22479
In base 8, what is -10266 + -46353?
-56641
In base 5, what is 4 + 114420312343?
114420312402
In base 14, what is -59 - -232a416?
232a39b
In base 8, what is -7 + 6455105?
6455076
In base 14, what is 9700 - -6b5?
9db5
In base 15, what is -12b4 + -23a?
-14ee
In base 13, what is 67 + 710b7?
71151
In base 13, what is 3 + -3c39238?
-3c39235
In base 11, what is -570aa0901 + -2?
-570aa0903
In base 3, what is -21100111 - 1020000022?
-1111100210
In base 16, what is -abbdc02 + 5?
-abbdbfd
In base 15, what is 640b7 - 22?
64095
In base 2, what is 10101 + 1010111000011001011?
1010111000011100000
In base 9, what is -254117 - 2?
-254120
In base 14, what is 359b48 + 57?
359ba1
In base 10, what is 5 + 105260384?
105260389
In base 6, what is 455324234 - -5?
455324243
In base 16, what is -14 - -131029?
131015
In base 6, what is 120 + 5233250?
5233410
In base 9, what is -1067 - 52606?
-53674
In base 10, what is 1 + 29390641?
29390642
In base 6, what is -50 - -321150042?
321145552
In base 16, what is -10b - 46498?
-465a3
In base 12, what is -127 - 1b038?
-1b163
In base 10, what is 41306565 + -4?
41306561
In base 16, what is 109bf6 + 25f?
109e55
In base 15, what is 1267 + 129e?
2516
In base 15, what is -65 + 48929?
488b4
In base 11, what is -40677 - 752?
-41319
In base 4, what is -22321 - 11321102?
-12010023
In base 8, what is -2743 - 133365?
-136330
In base 6, what is -333305514 - -155?
-333305315
In base 14, what is 88 + 24308?
24392
In base 4, what is 213 + -2023220220?
-2023220001
In base 12, what is 307250 - -3?
307253
In base 10, what is 937 - 759?
178
In base 2, what is 1111011 - 11001000001000?
-11000110001101
In base 6, what is 134450 - 153?
134253
In base 2, what is -11000101011011010111001011 + -1010?
-11000101011011010111010101
In base 9, what is -153452 - 3414?
-156866
In base 12, what is 17990 + 1959?
19729
In base 12, what is -9065 - 1479?
-a522
In base 15, what is -88e + 3c5c?
33bd
In base 4, what is 13110003 + 2021123?
21131132
In base 10, what is -722836 + -670?
-723506
In base 8, what is 3041 + 1465601?
1470642
In base 14, what is 5 + 91137?
9113c
In base 10, what is 122973035 + 5?
122973040
In base 6, what is -14330150 - -5?
-14330141
In base 13, what is -15 + c39705?
c396c0
In base 11, what is 8311 + 438?
8749
In base 4, what is 20031 + 132110121?
132130212
In base 11, what is 26591 + 5759?
3123a
In base 14, what is 1c0 - 374b?
-356b
In base 14, what is 22b + -1bd10?
-1bac3
In base 11, what is 4708 + 39a?
4aa7
In base 2, what is -1010 - 1011011101101000?
-1011011101110010
In base 13, what is 61878a - -4a?
618807
In base 11, what is 2605416 + 5?
2605420
In base 15, what is -1 + -1197284?
-1197285
In base 9, what is -4 - 76363830?
-76363834
In base 13, what is 41 - -32c55?
32c96
In base 5, what is -3444 + -2333430?
-2342424
In base 7, what is -331 + 260623?
260262
In base 10, what is -176963 - -2?
-176961
In base 4, what is 2 + -2030031112222?
-2030031112220
In base 14, what is 12dd683 + -5?
12dd67c
In base 13, what is -1 + a5c7b75?
a5c7b74
In base 13, what is 1a020c6 + 0?
1a020c6
In base 2, what is -101110111011110 - 1111000001010?
-111101111101000
In base 2, what is 11001000001100110 - -11001011?
11001000100110001
In base 4, what is -113020302 + 20?
-113020222
In base 16, what is 5f1 + 4613?
4c04
In base 11, what is -23 + -3727aa?
-372822
In base 8, what is 4 + -352350113?
-352350107
In base 13, what is 5c541 - 1a5?
5c369
In base 13, what is -9888c - 67?
-98926
In base 11, what is -11a555 + -219?
-11a773
In base 11, what is 2a2 - 40a66?
-40774
In base 7, what is -2 + -31064431?
-31064433
In base 10, what is -13242286 - -13?
-13242273
In base 16, what is -2 + -28e062?
-28e064
In base 7, what is 21311421 + 455?
21312206
In base 3, what is 222202 + 12222121021?
20000121000
In base 16, what is -2 - 1830ee9?
-1830eeb
In base 7, what is -42035 - -436?
-41266
In base 2, what is 11101100110101000101110 - -10?
11101100110101000110000
In base 8, what is -32 - -7252671?
7252637
In base 11, what is 8a + 426130?
42620a
In base 2, what is -10000011111 + 101011010110111001?
101011000110011010
In base 2, what is 101100000011 - -11001100011111?
11111000100010
In base 4, what is -1003 + -23013233?
-23020302
In base 4, what is 2003331012010 + -3?
2003331012001
In base 14, what is -b + 97625a?
97624d
In base 14, what is 1c29771 - 4?
1c2976b
In base 6, what is -221035 + -31044?
-252123
In base 15, what is 294a - 1c?
292d
In base 13, what is 2b - -52c408?
52c436
In base 10, what is 4714456 + -30?
4714426
In base 3, what is -10120201202 + -1200010?
-10122101212
In base 12, what is -34 + 226858?
226824
In base 12, what is 14a3b6 + 2?
14a3b8
In base 11, what is 374 - 9201?
-8938
In base 15, what is -b1447 - -86?
-b13b1
In base 2, what is -1101001100110110001101 + -101?
-1101001100110110010010
In base 12, what is -1569139 + 0?
-1569139
In base 7, what is 25 - 20230162?
-20230134
In base 10, what is 15090 + 626?
15716
In base 6, what is -234244 + -242430?
-521114
In base 6, what is 1401001331 - -1?
1401001332
In base 9, what is -1 - 3068576?
-3068577
In base 8, what is -3260 - 76415?
-101675
In base 9, what is -8546 + -15157?
-24714
In base 8, what is 177516 - -60?
177576
In base 10, what is 48396 - 1248?
47148
In base 8, what is -166747 - -3416?
-163331
In base 14, what is -5 - -1da078?
1da073
In base 7, what is -310 + 614?
304
In base 6, what is -155453 + 41405?
-114044
In base 2, what is 1011110110001011010111 - -11?
1011110110001011011010
In base 10, what is -2730200 + -188?
-2730388
In base 16, what is -2 + 7784e5?
7784e3
In base 6, what is -5125534 + -22343?
-5152321
In base 15, what is -4cd4c + ac?
-4cc90
In base 8, what is 100212266 + 0?
100212266
In base 8, what is -31327471 + -143?
-31327634
In base 3, what is -21 - -1222121200102101?
1222121200102010
In base 16, what is -8fb9 - 1f44?
-aefd
In base 16, what is 6e + 4ef7?
4f65
In base 4, what is -1302320 + 13220?
-1223100
In base 8, what is -2004642 - -20?
-2004622
In base 2, what is -100 - 10101001111001011111011101?
-10101001111001011111100001
In base 16, what is -1c + -52749?
-52765
In base 11, what is -2 + 187396?
187394
In base 12, what is -553658a - -14?
-5536576
In base 11, what is 4838 